and 8638.
14
Calculate the highest common divisor of 70 and 6048.
14
Calculate the highest common factor of 143 and 1261.
13
What is the greatest common divisor of 562 and 2?
2
Calculate the greatest common factor of 290 and 40.
10
What is the greatest common factor of 909 and 101?
101
Calculate the greatest common factor of 168 and 112.
56
What is the greatest common factor of 185 and 37?
37
What is the highest common factor of 2160 and 30?
30
What is the greatest common divisor of 624 and 78?
78
Calculate the highest common divisor of 1984 and 217.
31
Calculate the greatest common factor of 714 and 510.
102
What is the greatest common factor of 10 and 685?
5
Calculate the greatest common divisor of 6615 and 84.
21
Calculate the highest common factor of 15472 and 80.
16
What is the highest common factor of 160 and 20?
20
What is the highest common factor of 154 and 28?
14
What is the highest common factor of 375 and 15?
15
What is the greatest common divisor of 34 and 51?
17
Calculate the highest common divisor of 351 and 65.
13
Calculate the highest common factor of 1278 and 18.
18
What is the highest common divisor of 222 and 148?
74
What is the greatest common divisor of 1884 and 24?
12
Calculate the greatest common factor of 3585 and 15.
15
Calculate the greatest common divisor of 5678 and 34.
34
What is the highest common factor of 375 and 250?
125
What is the highest common factor of 294 and 11907?
147
What is the greatest common factor of 528 and 576?
48
What is the greatest common factor of 432 and 27?
27
Calculate the highest common divisor of 33484 and 88.
44
What is the greatest common divisor of 25 and 3215?
5
What is the highest common divisor of 5 and 895?
5
Calculate the highest common divisor of 450 and 100.
50
What is the highest common factor of 744 and 837?
93
What is the highest common factor of 113204 and 364?
364
Calculate the greatest common divisor of 72 and 3216.
24
What is the highest common factor of 144 and 9?
9
What is the greatest common divisor of 615 and 41?
41
What is the greatest common divisor of 11 and 4510?
11
What is the highest common factor of 40968 and 144?
72
What is the highest common factor of 42 and 198?
6
What is the highest common factor of 223 and 62663?
223
Calculate the greatest common divisor of 80 and 1860.
20
What is the highest common divisor of 8 and 5?
1
Calculate the greatest common factor of 7567 and 805.
161
Calculate the highest common factor of 9230 and 260.
130
What is the highest common divisor of 220 and 990?
110
Calculate the highest common factor of 310 and 115.
5
Calculate the greatest common divisor of 96 and 306.
6
Calculate the highest common factor of 12 and 3.
3
What is the greatest common factor of 1359 and 6?
3
Calculate the greatest common divisor of 259 and 21.
7
What is the highest common divisor of 28 and 32?
4
What is the highest common divisor of 715 and 130?
65
What is the greatest common factor of 14 and 1162?
14
Calculate the greatest common divisor of 100 and 10325.
25
Calculate the greatest common factor of 45 and 685.
5
Calculate the highest common factor of 1331 and 341.
11
Calculate the highest common factor of 368 and 14.
2
Calculate the greatest common factor of 553 and 632.
79
What is the highest common factor of 75 and 125?
25
What is the greatest common factor of 1090 and 300?
10
What is the greatest common divisor of 11907 and 49?
49
Calculate the greatest common factor of 37 and 1.
1
What is the highest common factor of 34 and 1?
1
What is the greatest common divisor of 176 and 2728?
88
Calculate the highest common divisor of 1 and 53.
1
Calculate the greatest common factor of 224 and 3104.
32
Calculate the highest common factor of 566 and 4.
2
Calculate the greatest common divisor of 1770 and 59.
59
Calculate the greatest common factor of 1376 and 32.
32
What is the highest common divisor of 7424 and 58?
58
Calculate the highest common factor of 392 and 882.
98
What is the greatest common factor of 8 and 208?
8
What is the greatest common factor of 28 and 21?
7
Calculate the highest common factor of 12 and 111.
3
What is the greatest common factor of 188 and 20?
4
Calculate the highest common factor of 112 and 7084.
28
What is the greatest common divisor of 1085 and 620?
155
Calculate the greatest common factor of 54 and 81.
27
What is the greatest common divisor of 14559 and 138?
69
What is the greatest common factor of 110 and 310?
10
What is the greatest common factor of 17724 and 70?
14
Calculate the highest common divisor of 496 and 528.
16
What is the highest common divisor of 62 and 13919?
31
What is the highest common divisor of 396 and 11?
11
Calculate the highest common divisor of 196 and 896.
28
Calculate the highest common factor of 2781 and 27.
27
What is the greatest common factor of 52 and 39?
13
Calculate the highest common factor of 7 and 371.
7
What is the greatest common factor of 42 and 2688?
42
Calculate the highest common divisor of 126 and 1458.
18
Calculate the highest common factor of 66 and 12.
6
Calculate the highest common divisor of 37 and 1.
1
What is the highest common divisor of 16 and 29?
1
Calculate the highest common divisor of 1005 and 45.
15
Calculate the highest common factor of 30 and 930.
30
Calculate the highest common divisor of 58 and 1334.
58
Calculate the highest common factor of 113 and 30058.
113
What is the highest common divisor of 56 and 21?
7
Calculate the highest common divisor of 63 and 777.
21
Calculate the highest common factor of 50 and 650.
50
What is the highest common divisor of 111 and 96?
3
What is the greatest common divisor of 608 and 32?
32
What is the highest common factor of 12 and 372?
12
What is the highest common divisor of 120 and 99?
3
What is the greatest common factor of 138 and 1518?
138
Calculate the highest common divisor of 1024 and 112.
16
Calculate the greatest common factor of 36 and 4080.
12
What is the greatest common divisor of 748 and 136?
68
Calculate the highest common factor of 1170 and 10140.
390
Calculate the greatest common divisor of 480 and 4236.
12
Calculate the highest common factor of 400 and 50.
50
Calculate the highest common divisor of 779 and 19.
19
Calculate the highest common divisor of 16814 and 14.
14
Calculate the highest common factor of 9 and 732.
3
Calculate the greatest common divisor of 22 and 418.
22
Calculate the greatest common factor of 760 and 8.
8
Calculate the highest common divisor of 103 and 2678.
103
Calculate the greatest common divisor of 3042 and 1560.
78
Calculate the greatest common divisor of 21 and 1743.
21
What is the highest common divisor of 1 and 500?
1
What is the highest common factor of 310 and 868?
62
Calculate the greatest common factor of 288 and 21.
3
Calculate the highest common factor of 13002 and 66.
66
Calculate the highest common factor of 2 and 53.
1
What is the greatest common factor of 4 and 13?
1
What is the highest common divisor of 288 and 18?
18
What is the greatest common factor of 1353 and 33?
33
Calculate the highest common factor of 872 and 104.
8
What is the highest common divisor of 975 and 91?
13
Calculate the highest common factor of 6222 and 408.
102
What is the highest common divisor of 52 and 2470?
26
What is the greatest common factor of 4986 and 18?
18
Calculate the highest common factor of 32 and 16.
16
What is the highest common divisor of 95 and 2855?
5
Calculate the highest common divisor of 1404 and 208.
52
Calculate the greatest common divisor of 2 and 6686.
2
Calculate the highest common divisor of 348 and 126.
6
What is the greatest common factor of 11 and 2321?
11
Calculate the highest common divisor of 216 and 12582.
54
What is the highest common divisor of 3 and 40?
1
What is the highest common factor of 5 and 205?
5
What is the highest common factor of 352 and 66?
22
What is the highest common divisor of 450 and 1899?
9
Calculate the highest common factor of 708 and 826.
118
Calculate the highest common factor of 748 and 68.
68
What is the highest common divisor of 688 and 301?
43
What is the highest common divisor of 117 and 18?
9
What is the highest common divisor of 84 and 532?
28
Calculate the highest common factor of 638 and 22.
22
What is the greatest common divisor 